is l(-9)?
-25
Let f(r) = -r**3 + r**2 + 2*r + 2. Suppose 4*j - 56*i = -61*i + 101, 58 = 2*j + 4*i. Suppose -7*x = -2 - j. Give f(x).
-10
Let d(m) = m**2 + 28*m - 27. Let w be d(-29). Suppose u + 3 = 5. Let t(p) = 8*p**2 - p - 7*p**u - 2 + 0*p**w. What is t(2)?
0
Let q(p) = -p**2 - 2*p - 9 + p**3 + 6*p**2 + p**2. Let x be q(-6). Let j(f) = -313*f**2 + 315*f**2 - 27 - f + 13 + 13 - 2*f. Give j(x).
8
Suppose 2*p = -k + 40, p = -p + 10. Suppose 79*m - k = 89*m. Let a(q) = -q**3 - 4*q**2 - q + 1. Give a(m).
-5
Let v(p) = -2*p + 4. Let h(x) = x - 3*x + 80 - 75. Let m(r) = 5*h(r) - 6*v(r). Suppose 11*g + 25*g - 296 = -g. What is m(g)?
17
Let b = 4115 - 4110. Let y(h) be the second derivative of 0 - 1/20*h**b - 2/3*h**3 - 1/2*h**4 - 7*h - 1/2*h**2. Give y(-5).
-6
Let u(w) = 20*w - 103. Let c(b) = 83*b + 7558. Let z be c(-91). What is u(z)?
-3
Let y(d) = -2*d + 0*d + 4*d. Suppose 13*n - 76 + 67 = 4*n. What is y(n)?
2
Let w(a) = a**3 + a**2 - a + 8. Let k be w(0). Let q(n) = -n**2 + k + 2*n + 2*n + 2*n. Suppose -100*b = 2*i - 99*b - 27, 100 = 5*i + 5*b. Calculate q(i).
1
Let j(z) = 9*z + 14 - 7 - 10*z + 5 + 0. Suppose p + 3*v = 9, 0 = 5*p - 2*v - 35 + 7. What is j(p)?
6
Let k(b) = -9*b**2 + b - 4. Let z(c) = -8*c**2 + c - 3. Let w(j) = -3*k(j) + 4*z(j). Let d be ((-27)/(-45))/(2/10) - -19. Let n = d + -23. Determine w(n).
-6
Let y(j) = -4. Let r(q) = q + 1. Suppose 0 = 2*k + c + 102, -4*c - 285 = 5*k - 9*c. Let u = -52 - k. Let m(o) = u*r(o) - y(o). Determine m(-9).
-4
Let p = -5518 + 5503. Let r(h) be the first derivative of h**2/2 + 17*h + 6. Determine r(p).
2
Let o(h) be the second derivative of 1/12*h**4 - 39*h - 4*h**2 + 1/2*h**3 + 0. Let p(x) be the first derivative of o(x). Give p(4).
11
Suppose 15*m - 6 - 69 = 0. Let x(v) = 1 - 4 + 9*v + m*v + 4. Calculate x(2).
29
Let g(j) = j + 12. Let u(m) be the first derivative of 11*m**2/2 - 38*m - 67. Let v be u(3). Calculate g(v).
7
Suppose -3*r + r + 34 = 0. Suppose -2*s - 3*c = -r, -s + 8*c - 3*c - 11 = 0. Let p(j) = -4*j - 2 + 89*j**3 - 44*j**3 - 44*j**3 - 3*j**2. What is p(s)?
-2
Let x(t) = 2*t - 9. Let d(w) = 3*w**2 - w - 5. Let b(p) = 5*p**2 - 4. Let g(z) = 5*b(z) - 4*d(z). Let s be g(-1). Determine x(s).
9
Let y(h) = -9*h**2 + 11*h + 5. Let t(c) = -c**3 - 37*c**2 + 52*c + 21. Let s(u) = 2*t(u) - 9*y(u). Determine s(4).
1
Let p be (-50)/(-605)*22 - (-8)/44. Let l(j) be the first derivative of j**3/3 + 1. Give l(p).
4
Let r(k) be the first derivative of -4*k**3 - 241 + 27*k - 1/4*k**4 - 9/2*k**2. Calculate r(-11).
5
Let r(w) be the first derivative of -w**4/4 - w**3/3 + w**2/2 - 4*w + 1. Suppose -2*c + j + 7 = 0, -5*c + j - 5 = 6*j. Suppose c*u = -5*u + 3*u. Determine r(u).
-4
Let z(j) = -2*j**2 - 4*j. Suppose 33*u = 39*u - 18. Suppose -i - 2 = u*m - 11, 5*m = -5*i + 25. Determine z(i).
-30
Let j(d) be the first derivative of -2*d**3/3 + 9*d**2/2 + 39*d + 8695. Give j(9).
-42
Suppose -6 - 4 = -2*d + l, 0 = 3*d + 4*l + 7. Let x(o) be the third derivative of -1/8*o**4 + 1/60*o**5 - 5*o**2 + 2/3*o**3 + 0*o - 2. Determine x(d).
4
Let f(k) = -k**3 + 4*k**2 + 5*k + 9. Let d = -4046 - -4051. Determine f(d).
9
Suppose -210 = 365*n - 330*n. Let b(j) be the first derivative of 2*j**3/3 + 4*j**2 + j - 4. Give b(n).
25
Let r(x) = -x + 10. Let h be r(9). Let m(c) = 3*c**2 + 35*c - 6. Let p be m(-12). Let t(f) = -55*f**3 + 5*f**2 + 50*f**3 - p*f**2. Determine t(h).
-6
Let n(r) be the second derivative of 0*r**4 + 0*r**3 - r + 1/20*r**5 - 1/2*r**2 - 49. Calculate n(-1).
-2
Let z(x) = x**3 + 16*x**2 + 12*x - 42. Let r be z(-15). Let f(q) = q**r - 4*q**2 + 2 + 6*q - 7 + 8*q - 4 + 20*q**2. What is f(-15)?
6
Suppose 965 = -114*z - 289. Let n(r) = 8*r + 80. What is n(z)?
-8
Suppose 5*b + 25 = -5*a, 5*b - 16 = b + 5*a. Let x(o) = -11*o**2 - 5*o - 4. Calculate x(b).
-10
Suppose -2*k - k + 19 = -5*l, -k + 4*l + 11 = 0. Let g(x) = -12 - 8 + k*x + 16 - 11*x. Give g(4).
-36
Let g(b) = -6*b + 2. Let y(j) = -2*j + 1. Let m(s) = 2*g(s) - 7*y(s). Let d(h) = h**2 - 8*h - 4. Let o = 14 - 5. Let r be d(o). Give m(r).
7
Let v(f) = 8*f - 64. Let g(p) = p**2 - 8*p. Let j be 4 - 5 - (-12 + (-2 - -4)). Let u be g(j). Let h be v(u). Let b(w) = w**2 - 9*w. Give b(h).
-8
Let h = 44 - 50. Let p(u) = -6 + 3*u + 29*u**2 - 19*u**2 + 3*u**3 - 4*u**3 - 13*u**2. Let v(a) = -a**2 - 1. Let k(q) = p(q) + 2*v(q). What is k(h)?
10
Suppose -4*p = -o - 6, 2*o - 6*o + 6 = -p. Let g(l) = -126*l**2 + 246*l**p - 8*l + 4 - 119*l**2. Calculate g(9).
13
Let i(o) = -3*o**2 + 1. Let b(s) = -2*s**2 + 2. Let m be ((-4)/5)/(144/(-360)). Let x(r) = m*b(r) - i(r). Determine x(-5).
-22
Suppose 1 = m - 6. Let k(u) = 2*u + 18. Let x be k(-7). Let t(h) = -8*h + 7 + 3*h**2 - x*h**2 + 2*h**2. Calculate t(m).
0
Suppose 5*g + 25 = q, -4*g - 20 = 19*q - 20*q. Let j(y) be the second derivative of -5/12*y**4 + 1/2*y**2 - 21*y - 1/3*y**3 + q. Give j(-2).
-15
Let q(h) = 2*h**2 + 54*h + 149. Let y be q(-3). Suppose -57*p = -y*p + 156. Let i(b) = 10*b - 3. Calculate i(p).
-33
Let w(o) be the second derivative of -5*o**3/6 - 13*o**2/2 + 119*o. Let s(k) = 2*k + 2. Let x(b) = -3*s(b) - w(b). Give x(9).
-2
Suppose -k - 33 = 11. Let h = 239 + -280. Let g = h - k. Let f(d) = -3*d + 3. Calculate f(g).
-6
Let v(d) = 4*d**2 + 19*d - 45. Let q(j) = -3*j**2 - 20*j + 48. Let h(u) = 3*q(u) + 2*v(u). Calculate h(-25).
-21
Let r = 1662 + -1663. Let w(v) = -3*v - 1. Give w(r).
2
Let p(w) = -9*w - 11. Let h be 17/((-595)/224) - (24/(-15))/4. Calculate p(h).
43
Let b(p) = p**2 + 6*p + 5. Let j be b(-7). Suppose 12 + 39 = 5*r + 2*a, 5*a = -2*r + j. Let u(t) = 17*t - t**2 + 17*t - r - 33*t + 9*t. Give u(9).
-2
Let q(l) = 80*l - 23. Let i(u) = 46*u - 13. Let z(p) = -7*i(p) + 4*q(p). Let w = 8 + -3. Suppose -10 = -5*h - w. What is z(h)?
-3
Let a(g) = -g**2 - 10*g + 3. Let z = 399 + -395. Suppose 5*c - z = -2*o, 3*o + 4 = -3*c - 2*c. Give a(o).
19
Let u(b) = -b**2 + 8*b - 2. Let d be ((-22)/4 - -5)/(2/(-44)). Suppose -14*v = -d*v - 24. Give u(v).
-2
Let w(q) = q**2 + 24*q - 26. Let k = 8159 - 8184. Determine w(k).
-1
Suppose -16 = -2*j - 6. Suppose 5*f + 216 = 4*z, 3*z - 246 = j*f - 29. Let i = f + 50. Let s(h) = h**2 - 8*h + 8. What is s(i)?
-4
Let z(q) be the third derivative of -q**4/12 - 3*q**3/2 - 8*q**2. Suppose 4*u + 43 = -5. Let y be ((-4)/u)/(3/(-54)). Give z(y).
3
Let z(k) = -k**3 + 9*k**2 - 7*k - 12. Suppose -83*c + 32 = 5*o - 84*c, 0 = -4*o + 4*c + 16. Determine z(o).
37
Let w(v) = -1261*v**3 + 13*v - 6 - 7*v**2 + 629*v**3 + 0*v**2 + 630*v**3. Determine w(-5).
4
Suppose 0 = -0*o + 5*o. Let g be (0 + o)*(-7)/(-21). Let z(k) be the first derivative of -k**3/3 + k**2/2 - 9*k - 70. Calculate z(g).
-9
Let p(s) = -s. Let c be p(-3). Suppose -a - 2*u - 3 = 0, 6 = -a + 3*a - 2*u. Suppose a = -4*t - c. Let g(m) = 3*m**2 - 1. Give g(t).
2
Let t(n) = 19 + 4*n**2 - 3*n**2 + 106153*n - 7 - 4 - 106139*n. Let u be (-13)/(2/(2/1)). What is t(u)?
-5
Let v(u) = -u**3 - u**2 - u. Let z(b) = b + 1. Let k be z(3). Suppose d + k*l = -48, 3 = d - 2*l + 45. Let c be 8/d - (-20)/(-11). Give v(c).
6
Let q(u) = -u**3 - 8*u**2 + 2*u - 6. Suppose -494 = 2*l - 0*l - 5*z, -5*l + 4*z - 1252 = 0. Let a = -260 - l. What is q(a)?
-22
Let p(s) = 11*s**2 + 6*s - 28. Let q(g) = 8*g**2 + 6*g - 22. Let o(y) = -3*p(y) + 4*q(y). What is o(4)?
4
Let h(s) = -6*s - 9*s + 3*s - 8 + 4 - 8*s. What is h(5)?
-104
Let q(b) = -2*b - 44. Let n(k) = 9*k + 223. Let a(z) = -2*n(z) - 11*q(z). Give a(-8).
6
Let o(h) = -15*h**2 + 14*h**2 - 9 + 17*h + 4*h**2 + 14 + 12. Determine o(-7).
45
Let r(i) = 34*i**2 + 4 + i**3 - 16*i**2 - 10*i**2 + 17*i. What is r(-7)?
-66
Let w(z) = -19 - 9 - 13 - 26 + 99 - 3*z. Give w(8).
8
Let u(b) = -2*b + b - 2*b - 105*b**2 + 106*b**2 - 14 + b. Give u(5).
1
Let t(v) be the second derivative of v**5/20 + 3*v**4/4 + 2*v**3 + 11*v**2/2 - v. Let z = 603 - 23. Let o be z/(-70) - (-4)/14. Give t(o).
-21
Let p(h) be the third derivative of -h**5/12 - 5*h**4/24 - 3*h**3/2 - 43*h**2. Let r(u) = -9*u**2 - 9*u - 20. Let q(v) = 11*p(v) - 6*r(v). Give q(0).
21
Let t(q) = -11*q - 2. Let g(x) = 18*x + 4. Suppose 0 = 5*y + 3*b - 21, 0 = y + b + 3*b + 6. Let j(a) = y*g(a) + 11*t(a). Calculate j(2).
-24
Let a(c) = 5*c**3 - 4*c**2 + 3*c - 3. Let b(y) = y + 10. Let m be b(-11). Let q(f) = -f**3 + f**2 - f + 1. Let v(h) = m*a(h) - 4*q(h)